{"id":321,"date":"2021-09-23T15:42:59","date_gmt":"2021-09-23T13:42:59","guid":{"rendered":"http:\/\/www.tiensmarinecree.com\/?page_id=321"},"modified":"2023-01-23T09:59:29","modified_gmt":"2023-01-23T08:59:29","slug":"contact","status":"publish","type":"page","link":"https:\/\/www.tiensmarinecree.com\/index.php\/contact\/","title":{"rendered":"Contact"},"content":{"rendered":"\n<p>Si mon travail vous pla\u00eet et que vous souhaitez passer commande ou si avez des questions et que vous d\u00e9sirez plus d&#8217;informations, <\/p>\n\n\n\n<p>envoyez-moi un mail \u00e0 l&#8217;adresse suivante :<\/p>\n\n\n\n<div class=\"wp-block-image\"><figure class=\"aligncenter size-full\"><img loading=\"lazy\" width=\"333\" height=\"78\" src=\"http:\/\/www.tiensmarinecree.com\/wp-content\/uploads\/2021\/09\/Capture-decran-2021-09-22-a-10.21.01.png\" alt=\"\" class=\"wp-image-307\" srcset=\"https:\/\/www.tiensmarinecree.com\/wp-content\/uploads\/2021\/09\/Capture-decran-2021-09-22-a-10.21.01.png 333w, https:\/\/www.tiensmarinecree.com\/wp-content\/uploads\/2021\/09\/Capture-decran-2021-09-22-a-10.21.01-300x70.png 300w\" sizes=\"(max-width: 333px) 100vw, 333px\" \/><\/figure><\/div>\n\n\n\n<h2>Qui suis-je ?<\/h2>\n\n\n\n<div class=\"wp-block-media-text alignfull is-stacked-on-mobile is-vertically-aligned-center is-image-fill\" style=\"grid-template-columns:35% auto\"><figure class=\"wp-block-media-text__media\" style=\"background-image:url(http:\/\/www.tiensmarinecree.com\/wp-content\/uploads\/2023\/01\/DSC_0206a-683x1024.jpg);background-position:50% 50%\"><img loading=\"lazy\" width=\"683\" height=\"1024\" src=\"http:\/\/www.tiensmarinecree.com\/wp-content\/uploads\/2023\/01\/DSC_0206a-683x1024.jpg\" alt=\"\" class=\"wp-image-716 size-full\" srcset=\"https:\/\/www.tiensmarinecree.com\/wp-content\/uploads\/2023\/01\/DSC_0206a-683x1024.jpg 683w, https:\/\/www.tiensmarinecree.com\/wp-content\/uploads\/2023\/01\/DSC_0206a-200x300.jpg 200w, https:\/\/www.tiensmarinecree.com\/wp-content\/uploads\/2023\/01\/DSC_0206a-768x1152.jpg 768w, https:\/\/www.tiensmarinecree.com\/wp-content\/uploads\/2023\/01\/DSC_0206a-1024x1536.jpg 1024w, https:\/\/www.tiensmarinecree.com\/wp-content\/uploads\/2023\/01\/DSC_0206a-1365x2048.jpg 1365w, https:\/\/www.tiensmarinecree.com\/wp-content\/uploads\/2023\/01\/DSC_0206a-scaled.jpg 1707w\" sizes=\"(max-width: 683px) 100vw, 683px\" \/><\/figure><div class=\"wp-block-media-text__content\">\n<p class=\"has-normal-font-size\">Cr\u00e9ative depuis l\u2019enfance, j\u2019ai exp\u00e9riment\u00e9 diff\u00e9rents supports et activit\u00e9s : peinture, p\u00e2te polym\u00e8re, pastels secs et gras, couture, tricot, etc. <\/p>\n\n\n\n<p class=\"has-normal-font-size\">Cr\u00e9er est une joie et une n\u00e9cessit\u00e9 pour mon \u00e9quilibre personnel, <strong>un ressourcement r\u00e9alis\u00e9 avec exigence<\/strong>.&nbsp;<\/p>\n\n\n\n<p class=\"has-normal-font-size\">Aujourd\u2019hui, l\u2019aquarelle est centrale dans la palette de mes comp\u00e9tences artistiques. L\u2019effet de l\u2019eau, le jeu des couleurs et des styles sont sources de d\u00e9couvertes perp\u00e9tuelles. Avec si peu, la vari\u00e9t\u00e9 de ce que l\u2019on peut produire para\u00eet sans limite, il y a un c\u00f4t\u00e9 magique !&nbsp;<\/p>\n\n\n\n<p class=\"has-normal-font-size\">Mes premiers projets ont suscit\u00e9 un enthousiasme unanime : commandes d\u2019aquarelles, signets de bapt\u00eame, faire-part de mariage, cartes postales,&#8230; Ces r\u00e9actions positives m\u2019ont convaincue de me lancer dans cette activit\u00e9 professionnelle qui me ressemble et m\u2019enthousiasme.&nbsp;<\/p>\n\n\n\n<p class=\"has-normal-font-size\">La <strong>qualit\u00e9<\/strong> de ce que je produis et la <strong>satisfaction de mes clients<\/strong> sont fondamentales pour moi. Ainsi, j\u2019ai \u00e0 c\u0153ur de cr\u00e9er un \u00e9change avec mon interlocuteur pour tenir compte de ses id\u00e9es et les int\u00e9grer, dans le respect de la ligne graphique que je cultive.<\/p>\n<\/div><\/div>\n","protected":false},"excerpt":{"rendered":"<p>Si mon travail vous pla\u00eet et que vous souhaitez passer commande ou si avez des questions et que vous d\u00e9sirez plus d&#8217;informations, envoyez-moi un mail \u00e0 l&#8217;adresse suivante : Qui suis-je ? Cr\u00e9ative depuis l\u2019enfance, j\u2019ai exp\u00e9riment\u00e9 diff\u00e9rents supports et activit\u00e9s : peinture, p\u00e2te polym\u00e8re, pastels secs et gras, couture, tricot, etc. Cr\u00e9er est une joie et une n\u00e9cessit\u00e9 pour mon \u00e9quilibre personnel, un ressourcement r\u00e9alis\u00e9 avec exigence.&nbsp; Aujourd\u2019hui, l\u2019aquarelle est centrale dans la palette de mes comp\u00e9tences artistiques. L\u2019effet de l\u2019eau, le jeu des couleurs et des styles sont <\/p>\n","protected":false},"author":1,"featured_media":0,"parent":0,"menu_order":5,"comment_status":"closed","ping_status":"closed","template":"","meta":[],"_links":{"self":[{"href":"https:\/\/www.tiensmarinecree.com\/index.php\/wp-json\/wp\/v2\/pages\/321"}],"collection":[{"href":"https:\/\/www.tiensmarinecree.com\/index.php\/wp-json\/wp\/v2\/pages"}],"about":[{"href":"https:\/\/www.tiensmarinecree.com\/index.php\/wp-json\/wp\/v2\/types\/page"}],"author":[{"embeddable":true,"href":"https:\/\/www.tiensmarinecree.com\/index.php\/wp-json\/wp\/v2\/users\/1"}],"replies":[{"embeddable":true,"href":"https:\/\/www.tiensmarinecree.com\/index.php\/wp-json\/wp\/v2\/comments?post=321"}],"version-history":[{"count":4,"href":"https:\/\/www.tiensmarinecree.com\/index.php\/wp-json\/wp\/v2\/pages\/321\/revisions"}],"predecessor-version":[{"id":717,"href":"https:\/\/www.tiensmarinecree.com\/index.php\/wp-json\/wp\/v2\/pages\/321\/revisions\/717"}],"wp:attachment":[{"href":"https:\/\/www.tiensmarinecree.com\/index.php\/wp-json\/wp\/v2\/media?parent=321"}],"curies":[{"name":"wp","href":"https:\/\/api.w.org\/{rel}","templated":true}]}}